 z(b) = -5*b + 5. What is the units digit of z(y)?
5
What is the hundreds digit of (1 - -7 - 13) + 1160?
1
What is the hundreds digit of 68960/30 - (-2 - 2/(-3))?
3
Suppose -513 - 1608 = -7*z. What is the hundreds digit of z?
3
Suppose -z = -2*z + 18. Let m be 96/(-64)*-1*(-32)/3. Let n = m + z. What is the units digit of n?
2
Let r = -5 + 4. Let x(k) = 7*k**2 + 2*k + 1. What is the units digit of x(r)?
6
Suppose -5*j + 35 - 10 = 0, 3*j = m + 6. Let t(l) = l**3 + 7*l**2 + l + 9. Let g be t(-7). What is the units digit of m*((g - -2) + 3)?
3
Suppose -59 = u - 154. Let g = -48 + u. What is the tens digit of g?
4
Let h(i) = i**2 - 2*i + 4. Suppose 2*b - 8 - 17 = 3*u, 0 = 3*u + 2*b + 5. What is the units digit of h(u)?
9
Let o be -7 - (-2 - 1/(-1)). Let v be (-1 + 3)*(-12)/o. Suppose -v*k + 112 = 28. What is the tens digit of k?
2
What is the units digit of (-2)/(-10) - (-140475)/125?
4
Let x = 5992 + -2341. What is the hundreds digit of x?
6
Suppose 2*l = -4*a + 16, -2*a + 14 = -0*a + 4*l. Suppose 9 + 44 = 3*v - 5*u, a*v - 67 = -2*u. Suppose v = h - 6. What is the tens digit of h?
2
Suppose -119678 = -4*p - t, 0 = -2*p + t - 3*t + 59836. What is the hundreds digit of p/144 + 21/(-27) + 1?
2
Let m(b) be the second derivative of 29*b**3/6 + b**2 + 8*b. What is the tens digit of m(3)?
8
Suppose 4*x - 222 = -3*f + 2*f, 0 = 3*x - f - 170. What is the tens digit of x?
5
Suppose 45*j - 16558 = 37712. What is the hundreds digit of j?
2
Let f(j) = j**2 - 13*j + 11. What is the units digit of f(-10)?
1
Let s(w) = 91*w - 120. What is the units digit of s(7)?
7
Let g(x) = -7*x + 3 - 4 - 1 + 3. Let s(b) = -14*b + 3. Let w(z) = 9*g(z) - 4*s(z). What is the tens digit of w(-3)?
1
Let j be (10/3)/(3 - (-26)/(-9)). Suppose j*f - 35*f = -280. What is the units digit of f?
6
Let f(g) = -3*g + 14. Suppose -t + 2*t + 18 = 0. What is the units digit of f(t)?
8
Suppose 4*h - 4*m = -0*h + 20, -4*m = 4*h - 20. Suppose -9*k - 8 = -h*k. Let q(d) = 3*d**2 - 2*d + 1. What is the tens digit of q(k)?
1
Let a = 35 + -30. Suppose 0 = 5*o - 25, 2*p - a*o + 4*o - 177 = 0. What is the tens digit of p?
9
Suppose 484*x = 493*x - 4248. What is the tens digit of x?
7
What is the hundreds digit of (-7316)/(-16) - 7/28?
4
Suppose -12 = -4*b - 0. Suppose 2*y = 69 + b. What is the tens digit of y?
3
Let n be 13 - (2 + 4)/(-3). Suppose 3*d + 3*y - 3 = n, 4*d = -2*y + 22. Suppose -18 = 4*a + d*v - 114, 0 = -5*v. What is the tens digit of a?
2
Let p(c) = -c**2 + 3*c + 4. Let f be p(3). Let o be (-4 - f)*(-10)/(-8). What is the units digit of (-88)/(-3) + o/(-15)?
0
Let s be ((-16)/(-24))/((-164)/(-81) + -2). Suppose f = 116 - s. What is the tens digit of f?
8
Suppose 2*o - 113 = 5*y, -5*o + 2*y + 274 = -2*y. What is the units digit of o?
4
Suppose -22*b - 14*b + 76068 = 0. What is the units digit of b?
3
Let a be (-7)/((-1)/(-2) + -1). Suppose -w - 2899 = -a*w. What is the units digit of w?
3
Let w = -10 + 29. Suppose 5*y = -5*k + w + 31, -2*y = k - 6. What is the units digit of k?
4
What is the units digit of 106722/144 - (-2)/(-16)?
1
Let a(w) = 66*w + 43. What is the units digit of a(4)?
7
Let a be (-78)/(-4) - 4/(-8). Suppose -4*f = 2*q + a - 100, 0 = -4*f - 5*q + 74. What is the units digit of f?
1
What is the tens digit of (7 + -1344)/((-1)/1)?
3
Let r be (-48)/(-8) + -1*4 + 3. Let j(z) = -z**3 + 14*z**2 + 7*z - 15. What is the units digit of j(r)?
5
What is the units digit of (-7416)/(-16)*(-4)/(-6)?
9
What is the hundreds digit of (-13055)/(-20) - (-18)/(-24)?
6
Suppose 2*z + 3*z = 85. Let l = 31 - z. What is the units digit of l?
4
Let b = -910 - -1510. Suppose 4*z + 4*c - b = c, 5*c + 150 = z. What is the tens digit of z?
5
Let f = -139 + 91. Let y be (-8)/f + 374/(-12). Let z = 52 + y. What is the tens digit of z?
2
Suppose -3*o - 118 = -2*a, 5*a - 144 = -5*o + 126. Let d = a + -42. What is the units digit of d?
4
Suppose -v - 3262 = -4*w, -3*w + 2438 = -0*w - 5*v. What is the tens digit of w?
1
Suppose -2*z - 180 = -4*u, -z = -5*u - 0*z + 219. Suppose 5*l - u = 2*l - c, 0 = -c + 1. Suppose 0 = 2*s - l - 6. What is the units digit of s?
0
Suppose 0 = 4*z - 10*z + 30. Suppose 11*p - 660 = z*p. What is the units digit of p?
0
Let u(v) = 11*v + 29. What is the tens digit of u(11)?
5
Let p(w) = 2*w**2 - 10*w + 40. Let s(y) = y**2 + 8*y + 16. Let q be s(-7). What is the hundreds digit of p(q)?
1
Let p(o) = -5*o + 41. Let y be p(8). Suppose -4*u - u + 183 = -3*c, -3*c - 147 = -4*u. Let z = u - y. What is the tens digit of z?
3
Let m(u) = -11*u - 60. Let f(c) = -13*c - 61. Let v(t) = 3*f(t) - 4*m(t). What is the units digit of v(-7)?
2
Let u = 1619 + -781. What is the tens digit of u?
3
Let h = 20 - 17. Suppose -h*l = -l - 86. What is the tens digit of l?
4
Suppose k = 3*u + u + 7, -4*u + 3*k = 13. Let x be (-100)/10*u/2. Suppose -4*h - 40 = -x*d, -2*d - 5*h + 18 = -31. What is the tens digit of d?
1
Suppose 4*x - 32 = 4. Suppose 2*a - 8 = -4*k + a, -k + x = 2*a. What is the units digit of k?
1
Let l = 1044 - 452. What is the hundreds digit of l?
5
Suppose -15*s + 10 = -5*s. Suppose 5*v + s = 746. What is the hundreds digit of v?
1
Let f be (-4 - -7) + 8 + -3. Suppose -f*m + 444 = -4*m. What is the units digit of m?
1
Let g(o) = -2*o**3 - 7*o**2 + 8*o + 5. Let a(p) = -p**3 + p. Let k(b) = 3*a(b) - g(b). Let v be k(6). What is the units digit of ((-10)/(-12))/v*6?
5
Let p = -259 + 517. Suppose y - p = -2*y. What is the units digit of y?
6
Let p(r) = r**3 - 11*r**2 - 16*r - 31. What is the units digit of p(13)?
9
Suppose -23*x = -19*x - 28. Let l(w) = 15*w - 11. What is the tens digit of l(x)?
9
Let r be 1 + 2 - (-6)/6. Suppose 18 = r*y - 14. What is the tens digit of 73/4 - (-6)/y?
1
Let c = 168 + -46. Let q = -65 + c. What is the units digit of q?
7
Let x(w) = -13*w - 42 + 35*w + 140 - 17*w. What is the hundreds digit of x(12)?
1
Let p(z) = 31*z - 3. Let f be p(2). Suppose 10*y + 206 = -104. Let b = f + y. What is the units digit of b?
8
Suppose 6*u - 3432 = 2*u. Suppose c = -5*c + u. What is the units digit of c?
3
Suppose 44*l = 47*l + y - 6066, -3*y = -4*l + 8101. What is the tens digit of l?
2
Let i(w) = -2*w**3 - w**2 + w + 3. Let r be i(-3). Suppose 63 = 4*q - r. What is the units digit of q?
7
Let p(g) = -g**3 + 4*g**2 + 4*g + 7. Let k be p(5). Suppose 28 = k*f + 2*f. Let d = 17 + f. What is the units digit of d?
4
Suppose 0 = -2*b + 2, -p + b - 4 = 8. Suppose -90 = -v - 5*k, 2*v - 156 = -3*k - k. Let z = p + v. What is the units digit of z?
9
Let j = 7 + -15. What is the units digit of 2067/52 - (-6)/j?
9
Let u = -19 + 20. Let i be (18/(-4))/(u/(-2)). Suppose -7*l = -i*l + 54. What is the units digit of l?
7
Let n(r) = 138*r - 146. What is the units digit of n(6)?
2
Let j = 118 + -113. Suppose 26 = 5*g + 3*l, l + 14 = -2*g + 6*g. Suppose j*r - 35 = g*r. What is the tens digit of r?
3
What is the tens digit of 3555/6 + ((-15)/6 - 0)?
9
Let i be (-6)/(-39) + 48/26. Let f(u) = 28*u**2 - 5*u + 4. What is the hundreds digit of f(i)?
1
Let z be (-2688)/189 - 4/(-18). What is the tens digit of (-2)/7 - 648/z?
4
Suppose 0 = -3*w + d + 1267, 0*d + 3*d = -3. Suppose 3*x = -2*q - 3*q - w, q + 90 = 5*x. Let k = -57 - q. What is the tens digit of k?
2
Let k(j) be the second derivative of 5*j**3/6 + 3*j**2/2 + 20*j. Let p be (7 - 1) + (-2 - 0). What is the tens digit of k(p)?
2
What is the units digit of (8/(-16))/((-2)/892)?
3
Let g = 5 - 6. Let z(k) = 55*k**2 - k - 1. What is the tens digit of z(g)?
5
Let y = 789 - 403. What is the tens digit of y?
8
What is the tens digit of 11/((-22)/(-10)) - -1516?
2
Let s be (-1)/(-1)*-1 + 1. Let o = -405 + 408. Suppose s = -10*f + o*f + 413. What is the tens digit of f?
5
Let f = -20 + 20. Suppose 3*i - 49 - 101 = f. What is the tens digit of i?
5
Suppose -3*h = h + 412. Let l = h - -172. Let f = l - 36. What is the tens digit of f?
3
Let r = 23 - 23. Suppose 12 + 6 = 4*t + 2*o, r = -2*t + o + 19. Suppose -167 = -3*h + 2*m, -t*h + 122 = -5*h - 4*m. What is the tens digit of h?
5
Let d = 848 - 422. What is the hundreds digit of d?
4
What is the hundreds digit of (-1190)/((-10)/(-5 - -3) + -7)?
5
Suppose u - 717 = -2*u. Let t = u + -124. What is the tens digit of t?
1
Let g(k) = 11*k**2 - 2*k + 9. Let v be g(4). Suppose -2*w - 35 + v = 0. What is the 